 of l(4)?
3
Let n(u) = 121*u**2 - 13*u - 98. Let f be n(-5). Suppose 2*o = a + 5*o - 596, 5*a - f = -3*o. What is the units digit of a?
9
Suppose -4*b = -7*b + 9. Suppose -4*h - 104 = -b*r, 3*h - 112 = -3*r - h. Suppose -52 = -2*v + r. What is the tens digit of v?
4
Suppose 10*g = -57*g + 1418881 + 1349291. What is the thousands digit of g?
1
Let s be (-2)/8 + (6 - 4900/(-16)). Let u = s + 9. What is the hundreds digit of u?
3
Suppose 2*m = 4*m + 8, 3*p - 18253 = -2*m. What is the units digit of p?
7
Let s = -10546 + 16793. What is the tens digit of s?
4
Let i = -1341 - -731. Let t = 1165 + i. Let a = t - 395. What is the units digit of a?
0
Suppose -3*s + 278 = -4*b - 517, -4*s - 2*b + 1038 = 0. Let k = s - 88. What is the units digit of k?
3
Let a(r) = 21*r + 405. What is the thousands digit of a(31)?
1
Suppose -5*b - 2*n = -44345 + 7244, -3*b = 2*n - 22259. What is the tens digit of b?
2
Let h be 7 + -2 - (-2 - -5). Suppose -6*j = -4*j - 8, 3*n - h*j - 1258 = 0. What is the tens digit of n?
2
Let j(t) = -t**2 + t + 4. Let a be j(2). Let s be ((-1)/(1/158))/a. Let q = s - -139. What is the units digit of q?
0
Let n = 18543 - 2173. What is the units digit of n?
0
Let b = -715 + 1270. Let d = b - 466. What is the units digit of d?
9
Let g(k) = k**3 + 11*k**2 + 20*k - 10. Let b be g(-8). Suppose 27*a = b*a + 855. What is the units digit of a?
1
Let n be (-1 - (-93)/3)/((-3)/(-218)). Suppose -6*i + n = -2*i. Suppose -66*g = -61*g - i. What is the units digit of g?
9
What is the tens digit of -2 + 148*276/24?
0
Let w(u) = 244*u**2 - 14*u + 16. What is the hundreds digit of w(5)?
0
Suppose 5*o - 3*o = 0. Let h(l) = l**3 + 86*l**2 + 87*l + 173. Let n be h(-85). Suppose -i + n*m - 7 + 242 = o, 3*i = -5*m + 691. What is the units digit of i?
2
Suppose -10382 = -k + 2*i, -3*k + 22368 + 8770 = 2*i. What is the tens digit of k?
8
Let l = -118 - -332. Suppose -312*g - 137*g - 17653 - 8389 = 0. Let h = g + l. What is the tens digit of h?
5
Let c be ((-37)/(-7) - 1)*14/4. Suppose 7*q - c*q + 4192 = 0. What is the units digit of q?
4
Let b(l) = -l**2 + l + 18. Let y be (2 + -1)/3*45. Let t be (15 - y)*1/2. What is the tens digit of b(t)?
1
What is the tens digit of (4 - (11 - 5))*3/(6/(-3626))?
2
Suppose 12 = 3*p, j + 4*p - 6*p - 6239 = 0. What is the units digit of j?
7
Let r = 705 - 347. Suppose 0 = 2*d + d + 2*o - 1054, -d = 4*o - r. Suppose -d = -2*c - 3*b, b + b = -4*c + 692. What is the units digit of c?
2
Suppose -2*s + 4444 = 4*d, 4*d + 6*s - 2*s = 4448. Let u = d + -578. What is the hundreds digit of u?
5
Let j be (-87 + 80)*(2 - 1)*31. Let q = j + 315. What is the units digit of q?
8
Let d(l) be the third derivative of 143*l**4/24 + 41*l**3/6 - 103*l**2. What is the tens digit of d(3)?
7
Suppose s + 73 = 2*s. Let b = -3 - -3. Suppose r + 3*u - 83 = b, 4*u = r - s - 24. What is the units digit of r?
9
Let x = -237 + 597. Suppose -3*w + 692 = w - f, -3*f = 2*w - x. What is the units digit of w?
4
Let a = -9930 + 12029. What is the hundreds digit of a?
0
Suppose 0*j - 7 = -j - d, -j + 4*d = 8. Let h = j + -9. What is the units digit of 86 - -4*h/(-10)?
8
Let l(j) = -j**3 + 24*j**2 - 9*j - 27. Let d be l(11). Let q = 2350 - d. What is the tens digit of q?
0
Let o(q) = 9*q**3 + 2*q - 1. Let k be o(1). Let m(j) = j**3 - 9*j**2 - 5*j + 7. Let z be m(k). Suppose 0*f = f - z. What is the units digit of f?
7
Suppose -3*s + 11 = 2. Suppose -s*k + 889 = 7*g - 9*g, -k - 5*g + 285 = 0. What is the tens digit of k?
9
Suppose 0 = -4*z + 14 + 2. Suppose -z*v - v + 705 = 0. Let j = v + -29. What is the units digit of j?
2
Let i be 8/(-14) - (-170548)/49. Suppose -5*a = -3*q - 4357, 4*a - 11*q = -10*q + i. What is the units digit of a?
9
Suppose 2*i + 4*y = 20, 0*i = -2*i - 3*y + 21. Let d be 2/i*-4 - 2/(-3). What is the hundreds digit of (d + 2/(-2))*(-134 - 6)?
1
Suppose q + 2*q + 5*f + 13 = 0, -2*f = 4*q - 6. Suppose -2*j - 176 = -q*j. Suppose -525 = -j*a + 83*a. What is the hundreds digit of a?
1
Let w(g) be the first derivative of -15*g**2/2 - 30*g + 14. Let x be w(-12). Suppose x = 9*a - 840. What is the tens digit of a?
1
Suppose 164*z = 160*z + 5196. Suppose z = 216*r - 213*r. What is the tens digit of r?
3
Let h = 4122 + -1999. What is the tens digit of h?
2
What is the thousands digit of (-263)/(((-4)/8)/(4815/90))?
8
Suppose 5*k + 8 = k. Let y be ((-4)/k - 0)*-1 - -2. Suppose s - 45 - 6 = y. What is the tens digit of s?
5
Let c(h) = 2*h**3 - 29*h**2 - 15*h - 7. Let b be c(15). Let a(d) = -d**3 + 10*d**2 + 23*d + 6. What is the hundreds digit of a(b)?
6
Let s be (-5)/(-20) + 11/4. Let o(k) = -94*k + 379. Let w be o(4). Suppose 0 = -s*i - w*i + 474. What is the tens digit of i?
7
Let w(i) = -i**3 - 5*i**2 - 3*i + 2. Let q(m) = -m**2 - 7*m - 4. Let j be q(-7). Let x be w(j). What is the hundreds digit of x/(2/(-3)) - (-84 + -18)?
1
Let j(t) = 26*t**2 - 36*t + 145. What is the units digit of j(19)?
7
Let p be (-1)/((3/(-1))/(-9))*1. Let q be (-4)/(p - 430/(-142)). Let h = q - -281. What is the hundreds digit of h?
1
Suppose -2*p + a + 20854 = 0, -4*p - 8*a + 3*a + 41708 = 0. What is the thousands digit of p?
0
What is the units digit of 203969/7 + (-5 + 328/56)/(-2)?
8
Suppose -4*z + 5*y = 3*y - 80, 5*y = -2*z + 16. Let o = 51 + z. What is the units digit of o?
9
Suppose -5*s - 79630 + 1513 = -4*n, 97617 = 5*n - 3*s. What is the hundreds digit of n?
5
Suppose -d + 8 = 3*d, -8 = -a - 4*d. Suppose a*h = 3*h + 15. Let x = 179 - h. What is the tens digit of x?
8
Let b(t) = 4*t**3 - 3*t**3 + 16*t + 13*t**2 + 2*t + 10 + 5*t**2. Let k be b(-17). What is the units digit of (-145)/k - (-2 - (-48)/28)?
1
Suppose -2*i + 11258 = 2*f, -3*i = 10*f - 8*f - 11257. What is the units digit of f?
0
Suppose 732 - 159 = 4*d + 5*u, -5*d - 4*u = -705. Let i = d - -45. Let j = -102 + i. What is the units digit of j?
0
Suppose -10*v + 3082309 = 83*v + 651010. What is the tens digit of v?
4
Suppose 5*o + z + 26 = 0, 0*o = -5*o - 4*z - 14. Let k be (-4 - -7)/((-404)/(-406) + -1). What is the units digit of k/(-14)*(-4)/o?
9
Suppose i - 1 = 0, 2*p - i + 973 = 6420. What is the tens digit of p?
2
What is the hundreds digit of (-3)/12*-9132 - -13?
2
Suppose 5329*u = 5305*u + 77784. What is the thousands digit of u?
3
Suppose 3*b - 24 = 0, 0 = 2*l - 27*b + 29*b - 88268. What is the ten thousands digit of l?
4
Let z be -2*(1/(-8) - (-4005)/(-120)). Let b = z - -191. What is the tens digit of b?
5
Let a(t) = t**3 + 19*t**2 + t + 19. Let r be a(-19). Suppose -5*l = 2*f - r*l - 853, 4*f = l + 1695. What is the hundreds digit of f?
4
Suppose -7 = -5*u - 5*o + 3, -5*o = -3*u + 22. What is the tens digit of 2 - (u - -3) - (-3 - 363)?
6
Let x(a) = -50*a + 22. Suppose 2*s - 6 = -0*s, 3*r + 33 = -3*s. Let z be x(r). What is the units digit of (-15)/(-20) + z/8?
1
Suppose 6*a - 40 = 2*a. Let i = 74 + a. Suppose i = 21*v - 20*v. What is the units digit of v?
4
Suppose -o - f + 3654 = -2077, 2*o - 3*f = 11447. What is the thousands digit of o?
5
Suppose 8*u = 3*u, 3*r - 3*u - 36 = 0. Let t be (29*6/(-3))/(-2). Let w = r + t. What is the tens digit of w?
4
Suppose 4*g = -2*w - 1904, -4728 = 5*w + 15*g - 13*g. Let d = w + 2069. What is the units digit of d?
5
Let b = 687 + 10833. Suppose 0 = 32*f - 50*f + b. What is the units digit of f?
0
What is the units digit of (-21188655)/(-324) + 3/(-36)?
7
What is the thousands digit of (-133)/532 - (57890/(-8) + -1)?
7
Suppose -67*v + 3020 = -71*v. Let p = -477 - v. What is the units digit of p?
8
Let g be (3/(-12))/(-4 - 45/(-12)). Suppose -g = -3*f + 8. Suppose -f*n = -4*a - 18, 0*n + 3 = -3*n - 3*a. What is the units digit of n?
2
Suppose -4*f + 20 = 0, -34*f - 115237 = -3*m - 39*f. What is the ten thousands digit of m?
3
Let b(h) = 8*h**3 - h**2 - h + 1. Let c be b(-2). Let x = 62 + c. What is the units digit of 56 + (7 - 8)*(1 + x)?
8
Suppose 4*d - 16218 = 2*w, 9*d - 8105 = 7*d + 5*w. Suppose 0 = 5*s, 55*u + 3*s = 60*u - d. What is the hundreds digit of u?
8
Let w(t) = t**3 + 14*t**2 + 7*t - 12. What is the thousands digit of w(9)?
1
Suppose 0 = -4*h - 3*n + 153594, 5*h + 3820*n = 3816*n + 191994. What is the thousands digit of h?
8
Suppose 0 = 2*i + u - 7, -i + 3*u - u = 9. What is the hundreds digit of 303/(-12)*-4*i?
1
Let k(y) be the third derivati